be (4/(-7))/((-12)/42). Let i(d) = d + 1. List the prime factors of i(k).
3
Suppose -5*a - 3*w = -1467, -12 = -3*w - 0. What are the prime factors of a?
3, 97
Let v(r) = -r**3 + 27*r**2 - 5*r + 2. List the prime factors of v(26).
2, 137
Let l(f) = 2*f**3 - 13*f**2 + 5*f + 3. Let n be l(6). What are the prime factors of (108/(-4))/(2 + n)?
3
Suppose 10*v = -4*o + 5*v + 2, 0 = 4*o + 4*v - 4. Let h be o/1 - (-1 + 3). Suppose n - 8 = h. What are the prime factors of n?
3
Let f be (-2 - (-224)/(-12))*-3. Let l = 121 - f. Suppose -l + 20 = -3*a. List the prime factors of a.
13
Let q = -80 - -88. Let j(s) = 2*s**2 + 4*s - 23. What are the prime factors of j(q)?
137
Suppose 129 = 4*r + 209. What are the prime factors of (-2985)/(-25) + ((-32)/r - 2)?
7, 17
Suppose 126 + 424 = -5*o. Let x = o - -295. List the prime factors of (-2 + (-44)/(-20))*x.
37
Let c(j) = -j**3 - 7*j**2 - 4*j - 8. Let h be c(-7). Let y = h - 28. List the prime factors of -2*(4/y + -1).
3
Suppose -c = -0*c + 3*b + 5, 3*c + b + 7 = 0. Let r be (4 - 3)*(c + 39). What are the prime factors of 6*(-4)/8 + r?
2, 17
Suppose -4*g = -d + 1492, -3*d + g + 4425 = 6*g. What are the prime factors of d?
2, 5, 37
Let t(b) = 4*b**3 + 3*b**2 - 43*b - 58. What are the prime factors of t(7)?
2, 5, 29
Let d(x) be the first derivative of 33*x**4/4 + 2*x**3/3 - x**2 + x - 1. Suppose 0 = -27*y - 7*y + 34. What are the prime factors of d(y)?
2, 17
Suppose -2*r = 3*r - v, 5*v = 4*r. Suppose 0 = 2*j - 4*k - 72 + 28, -3*k + 9 = r. What are the prime factors of j?
2, 7
Suppose 20*j - 352 = -12. List the prime factors of j.
17
Suppose -5*m - a - 10 = -2*a, 4*m = -2*a - 8. What are the prime factors of (3 - 20/6)/(m/42)?
7
Let w(m) = -2*m**2 + 42*m - 8. Suppose -111 = -4*b - 31. List the prime factors of w(b).
2
List the prime factors of ((-208)/20)/((-17)/595).
2, 7, 13
Suppose 0 = 19*f - 3*f - 25136. What are the prime factors of f?
1571
Let t(b) = -1159*b + 532. List the prime factors of t(-3).
19, 211
Let k be (0/(-1))/(2 - 0). Let d(s) = -5*s**2 - 103. Let f(b) = -3*b**2 - 69. Let r(u) = 5*d(u) - 8*f(u). What are the prime factors of r(k)?
37
What are the prime factors of 1*(-161 + -4)*7/(-3)?
5, 7, 11
Let g = -66 + 727. Suppose -5*k + g = 191. What are the prime factors of k?
2, 47
Let q(h) = h**2 + 4*h - 27. Suppose 4*j = -50 - 2. List the prime factors of q(j).
2, 3, 5
What are the prime factors of 3*(-1 + -1004*(-4)/12)?
7, 11, 13
Let w = 233 - -623. Suppose 269 = 4*x - l - 420, -5*x = 4*l - w. List the prime factors of x.
2, 43
Suppose -3*q + 6 = 0, -q - 4439 = 4*w - 11481. Suppose 4*y - w = -6*y. What are the prime factors of y?
2, 11
Let p(r) = -2*r**3 - 19*r**2 - 19*r + 4. Let f be p(-13). List the prime factors of f/10 - ((-24)/(-15))/4.
11, 13
Let w(a) = 58*a - 708. List the prime factors of w(24).
2, 3, 19
Suppose -f - 3*k - 3 = 0, -4*f - k + 2 + 30 = 0. Let x be 8/(-6) + 39/f. Suppose -45 = -3*m + 4*p + 60, -5*m + x*p = -175. List the prime factors of m.
5, 7
Let d(a) = a**3 - 2*a - 1. Let j be d(2). Suppose 10 = 2*k, -x + j = -2*x + 2*k. What are the prime factors of (-1038)/(-42) - (-2)/x?
5
Suppose -3*x + 1080 = 6*x. List the prime factors of x.
2, 3, 5
Suppose -462 + 17 = 5*r + 5*a, -5*r - 4*a = 441. Let t = -31 - r. Suppose 3*n - 30 = t. List the prime factors of n.
2, 7
Suppose 4*j - 4*x - 7342 - 134 = 0, -7477 = -4*j + 5*x. List the prime factors of j.
2, 467
Let a(o) = -23*o**3 - 5*o**2 - 3*o - 2. Let t be a(-2). Let l = 26 + -14. List the prime factors of (t/18)/(2/l).
2, 7
Suppose 4*a + 204 = -4*f, 0 = -5*a - 5*f + f - 258. Let n = a + 134. List the prime factors of n.
2, 5
Suppose 0 = 5*o - 4*g - 1306, 0 = 2*o + o + 3*g - 789. What are the prime factors of o?
2, 131
Let m(h) = -2 - 12 - 11*h - 22*h + 1. List the prime factors of m(-3).
2, 43
Let x(c) = c**3 - 5*c**2 + 8*c - 2. Let h be x(3). Suppose 0 = -2*f + h*b + 59 + 71, 2*f = -b + 105. List the prime factors of f.
5, 11
Let v = -15 - -17. Let j(q) = 2*q - 4*q + 2 - 4*q - q**v - 3*q. List the prime factors of j(-6).
2, 5
Suppose 2*c = -4*x - 86, -5*c - 163 = -0*c - 3*x. Let a = 96 + c. List the prime factors of a.
61
Let k be 52/(-91) + (-46)/(-7). Suppose -15 = -5*x + 2*j, -15 = -k*x + x + 5*j. List the prime factors of x.
3
Let j = 21 + -19. Suppose -4*h = -j*r - 1 + 43, -4*r + 99 = -5*h. Suppose 2*i - 3*x - 17 = 0, 5*i = -2*x - 2*x + r. List the prime factors of i.
7
Suppose 18*n + 12489 = 53907. List the prime factors of n.
3, 13, 59
Let f(r) be the second derivative of 2*r**3/3 + 2*r**2 - r. What are the prime factors of f(12)?
2, 13
Suppose -3*g - 72 = -5*m, 2*g - 40 = -4*m - 0*m. Suppose 223 = m*j - 473. List the prime factors of j.
2, 29
Let u(x) = 331*x**2 + x - 2. List the prime factors of u(1).
2, 3, 5, 11
Let m be 28/(-1) - (-3 + 2). Let z = 30 - m. Let v = 95 - z. What are the prime factors of v?
2, 19
Let v(r) = 2*r. Let k be v(-11). Let d = -1 - k. Let s = 35 - d. List the prime factors of s.
2, 7
Let w(t) = t - 2. Let f be w(2). Suppose f = -2*y + 3*y - 67. Suppose -k + 6 = 2*q, -4*k - 7 = -q - y. What are the prime factors of k?
2, 7
Let p(h) = -14*h**2 - 9*h - 24. Let q(m) = 13*m**2 + 9*m + 24. Let j(z) = 2*p(z) + 3*q(z). List the prime factors of j(-4).
2, 41
Let w = -3591 + 6013. List the prime factors of w.
2, 7, 173
Suppose -13 = 3*i + 5*r, r + 3 = -4*i + 14. Suppose -i*b = 4*c + c - 11, -4*b = -4*c + 16. What are the prime factors of c/(-9) - 273/(-9)?
2, 3, 5
Let t(a) = -a + 7. Let d be t(7). Suppose -p - p + 128 = d. What are the prime factors of p?
2
Let p = 18 + -13. Suppose -p*a + 74 = -96. List the prime factors of a.
2, 17
Suppose -3*s + 55 = 2*s. Let x(l) be the first derivative of l**3/3 - 5*l**2 + 13*l - 4. What are the prime factors of x(s)?
2, 3
List the prime factors of ((-5)/20*-4)/((-1)/(-327)).
3, 109
Let j be 10 + -2 - (0 - -4). Suppose 0 = n + 3*s - 171, -j*n = -2*s - 3*s - 599. List the prime factors of n.
2, 3, 13
Let a(n) = -n + 5. Let l be a(-17). Suppose 0 = 2*w - l - 14. Suppose -f + 23 = -w. List the prime factors of f.
41
Let x(z) = -4*z**3 + 4*z**2 + z - 9. List the prime factors of x(-4).
307
Let p(z) = -22*z - 4. Let w(u) = 21*u + 4. Let a(b) = 3*p(b) + 4*w(b). List the prime factors of a(8).
2, 37
Suppose 0 = 3*o - 2*g + 70, 2*g + 1 + 25 = -o. Let w be (-4)/(-6) - (-616)/o. Let b = -8 - w. What are the prime factors of b?
17
Suppose 2*f + 398 = 3*d, -3*f - d - 358 = 250. Let q = -68 - f. List the prime factors of q.
2, 67
Let g(n) = -15*n - 29. List the prime factors of g(-37).
2, 263
Let i = -1260 - -1939. List the prime factors of i.
7, 97
Let g(t) = t**3 - 8*t**2 + 6*t + 9. Let s be g(7). Let y = -48 - -52. Suppose y*u = -s*u + 324. List the prime factors of u.
2, 3
Let x = -7 + 0. Let d(l) = -l**3 + 11*l**2 - 10*l + 14. Let j be d(10). Let r = j - x. What are the prime factors of r?
3, 7
Let a be (0 + 0)/((-5)/(-5)). Suppose -s - 2*s + 6 = a. Suppose -33 = -n - s*n. List the prime factors of n.
11
Let g = 121 - 53. Let t = g + 59. What are the prime factors of t?
127
Suppose 337 = -12*b + 29521. What are the prime factors of b?
2, 19
Suppose 0 = -2*j + 3*o + 584, j - 4*o - 249 = 33. What are the prime factors of j?
2, 149
Suppose 861*y - 872*y + 15356 = 0. List the prime factors of y.
2, 349
List the prime factors of 26/(-39) - -4*5709/18.
2, 317
Suppose 15*s = 19*s - 8, -444 = -4*j + 4*s. What are the prime factors of j?
113
Let k = 42 - 36. Suppose 10*l = k*l + 128. What are the prime factors of l?
2
Suppose -5*s = 3*s - 16. Suppose -s*u = -6*u + 168. List the prime factors of u.
2, 3, 7
Let x be (-888)/(-90) + 6/45. Suppose 704 = 14*a - x*a. Suppose -2*f = 2*f - l - a, 0 = 2*f - l - 86. What are the prime factors of f?
3, 5
Let d = 20 + -17. Suppose -2 = -d*g + 4. Suppose 0 = 3*h + g*h - 155. What are the prime factors of h?
31
Let k be (-2)/1*46 - 0. Let v be (k/4)/(1/4). Let t = v - -135. List the prime factors of t.
43
Suppose 324 = 5*s + 3*p, -p = -4*s + 3*p + 272. Suppose s = a + 34. What are the prime factors of a?
2
Suppose 4*w = 6*w + 34. Let y = w - -22. Suppose -3*n - 57 = -a, 0*n + 3*n + 297 = y*a. What are the prime factors of a?
2, 3, 5
Let m = -1079 + 4302. What are the prime factors of m?
11, 293
Let s(m) be the second derivative of -16*m**3/3 + 11*m